{"id":92,"date":"2025-06-04T20:44:18","date_gmt":"2025-06-04T18:44:18","guid":{"rendered":"http:\/\/localhost\/?page_id=92"},"modified":"2025-06-07T18:11:04","modified_gmt":"2025-06-07T16:11:04","slug":"2023-main-taunus","status":"publish","type":"page","link":"https:\/\/srmeisterschaft.de\/index.php\/2023-main-taunus\/","title":{"rendered":"2022 &#8211; Main-Taunus"},"content":{"rendered":"\n<p><strong>Die 22. SR-Meisterschaften wurde durch die SR des MTK organisiert.<\/strong><\/p>\n\n\n\n<p>Liebe Schiedsrichterkolleginnen und -kollegen,<\/p>\n\n\n\n<p>wir freuen uns, dass wir Euch zur 22. (in)offizielle deutsche Schiedsrichter-Meisterschaft einladen d\u00fcrfen.<\/p>\n\n\n\n<p>Auch wenn 2020 die Feierlichkeiten anl\u00e4sslich unseres 100-j\u00e4hrigen Bestehens aus bekannten Gr\u00fcnden ausgefallen sind, m\u00f6chten wir unser Jubil\u00e4um 2022 mit Euch gemeinsam feiern.<\/p>\n\n\n\n<p>Die 22. (in)offizielle deutsche Schiedsrichter-Meisterschaft ist wie folgt terminiert:<\/p>\n\n\n\n<p><em><strong>Samstag, den 18.06.2022 &#8211; Beginn 10:00 Uhr<\/strong><\/em><\/p>\n\n\n\n<p>Folgender Ablauf ist geplant:<\/p>\n\n\n\n<p>&#8211; Anreise der Mannschaften<\/p>\n\n\n\n<p>Donnerstag, den 16.06.2022 (Fronleichnam) oder Freitag, den 17.06.2022:<\/p>\n\n\n\n<p>&nbsp; Freitag, den 17.06.22<\/p>\n\n\n\n<p>&#8211; Come-Together ab 19:00 Uhr auf dem Sportplatz in Diedenbergen<\/p>\n\n\n\n<p>&#8211; Gruppenauslosung gegen 20:00 Uhr beim Come-Together<\/p>\n\n\n\n<p>Samstag, den 18.06.2022:<\/p>\n\n\n\n<p>&#8211; Turnierbeginn um 10:00 Uhr (alle Mannschaften bitte bis 09:30 Uhr am Sportplatz sein)<\/p>\n\n\n\n<p>&#8211; Turnierende ca. 17:00 Uhr<\/p>\n\n\n\n<p>&#8211; Beginn der Abendveranstaltung mit Siegerehrung um 19:00 Uhr<\/p>\n\n\n\n<p>Sonntag, den 19.06.2022:<\/p>\n\n\n\n<p>&#8211; Abreise der Mannschaften<\/p>\n\n\n\n<p><em><strong>Come-Together<\/strong><\/em><em><strong>:<\/strong><\/em><\/p>\n\n\n\n<p>S.G. Nassau Diedenbergen 1921 e.V.<\/p>\n\n\n\n<p>Wildsachsener Str. 40<\/p>\n\n\n\n<p>65719 Hofheim -Diedenbergen<\/p>\n\n\n\n<p>Am Freitag m\u00f6chten wir mit allen Mannschaften eine kleine Willkommensparty im Main-Taunus-Kreis feiern. Ab 19:00 Uhr beginnt unser Come-Together auf dem Sportplatz in Diedenbergen und befindet sich im selben Ort wie euer Hotel. Highlight des Abends wird die gemeinsame Gruppenauslosung sein. Wir freuen uns auf einen sch\u00f6nen Abend in geselliger Atmosph\u00e4re mit Euch. F\u00fcr das leibliche Wohl wird ebenfalls gesorgt, sodass keiner verhungern oder verdursten muss. Wir bitten zwecks Planung um R\u00fcckmeldung auf der Anmeldung wer teilnimmt.<\/p>\n\n\n\n<p><em><strong>Sportplatz<\/strong><\/em><em><strong>:<\/strong><\/em><\/p>\n\n\n\n<p>Kreissportanlage Main-Taunus-Kreis<\/p>\n\n\n\n<p>SV 07 Kriftel e.V.<\/p>\n\n\n\n<p>Hofheimer Str. 56<\/p>\n\n\n\n<p>65830 Kriftel<\/p>\n\n\n\n<p>Der Sportplatz der Gemeinde Kriftel liegt direkt an der Gemarkungsgrenze zu Hofheim und besteht aus einen Kunstrasenplatz und einem Rasenplatz<\/p>\n\n\n\n<p><em><strong>Abendveranstaltung<\/strong><\/em><em><strong>:<\/strong><\/em><\/p>\n\n\n\n<p>Schwarzbachhalle Kriftel<br>Bleichstra\u00dfe 7<br>65830 Kriftel<\/p>\n\n\n\n<p>Die Abendveranstaltung findet in der Schwarzbachhalle Kriftel statt und liegt nur ca. 700 Meter vom Sportplatz entfernt und ist in 5 Minuten zu Fu\u00df zu erreichen. Beginn der Abendveranstaltung mit Siegerehrung ist f\u00fcr 19:00 Uhr geplant. F\u00fcr das Buffet wird ein Kostenbeitrag von 30,00 \u20ac pro Person erhoben.<\/p>\n\n\n\n<p><em><strong>Hotel<\/strong><\/em>:<\/p>\n\n\n\n<p>H+ Hotel Frankfurt Airport West<\/p>\n\n\n\n<p>Casteller Stra\u00dfe 106<br>65719 Hofheim-Diedenbergen<br>Tel. 06192 95-00<\/p>\n\n\n\n<p>E-Mail: Frankfurt.airport.west@h-hotels.com<br>Link zur Hotel-Website<\/p>\n\n\n\n<p>Doppelzimmer: 89,&#8211; \u20ac | Einzelzimmer: 79,&#8211; \u20ac (inkl. Fr\u00fchst\u00fcck)<\/p>\n\n\n\n<p>Die oben genannten Zimmerpreise verstehen sich pro Zimmer und Nacht; inklusive aller Abgaben. Die Preise verstehen sich exklusive orts\u00fcblicher Zulagen (z. Bsp. Bettensteuer, Kurtaxe etc.).<\/p>\n\n\n\n<p>Die Grundausstattung in allen G\u00e4stezimmern umfasst Komfortbetten, ein Bad mit Dusche, einen Schreibtisch, einen Flachbildfernseher und einen Safe. In allen Zimmern nutzen Sie WLAN inklusive. Die Zimmer stehen am Anreisetag ab 15.00 Uhr und am Abreisetag bis 12.00 Uhr zur Verf\u00fcgung. Das Hotel verf\u00fcgt \u00fcber ca. 150 kostenfreie Parkpl\u00e4tze.<\/p>\n\n\n\n<p>Das Zimmerkontingent wird als Abrufkontingent zur Verf\u00fcgung gestellt. Jede Vereinigung bucht die Zimmer individuell \u00fcber den Link https:\/\/short.h-hotels.com\/schiedsrichter (Buchungscode: 7677578) oder unter den links angegebenen Kontaktdaten unter&nbsp;<em><strong>Angabe des Stichwortes \u201eDeutsche Schiedsrichtermeisterschaft\u201c bis 17.02.2022 zum vertraglich vereinbarten Sonderpreis.<\/strong><\/em><\/p>\n\n\n\n<p>Nach Ablauf der Frist fallen alle noch nicht abgerufenen Zimmer automatisch in den freien Verkauf des Hotels zur\u00fcck. Innerhalb der verbleibenden Tage bis zur Anreise k\u00f6nnen Zimmer nur noch nach Verf\u00fcgbarkeit ber\u00fccksichtigt werden.<\/p>\n\n\n\n<p>Die Stornierung gebuchter Zimmer sind bis 10.06.2022 kostenfrei m\u00f6glich. Eine Stornierung bzw. Reduzierung ist dem Hotel grunds\u00e4tzlich schriftlich anzuzeigen und gilt als akzeptiert, wenn das Hotel die Stornierungen bzw. Reduzierung schriftlich best\u00e4tigt hat.<\/p>\n\n\n\n<p>Das Hotel verlangt eine vollst\u00e4ndige Teilnehmerliste jeder Vereinigung bis sp\u00e4testens 14 Tage vor Anreise mit An- und Abreisedatum.<\/p>\n\n\n\n<p><em><strong>Teilnehmer\u00fcbersicht<\/strong><\/em><\/p>\n\n\n\n<p>Wir bitten um Zusendung einer vollst\u00e4ndigen Teilnehmerliste bis sp\u00e4testens 21 Werktage vor Anreise an das Organisationsteam. Gleichzeitig bitten wir um \u00dcberweisung des Kostenbeitrags f\u00fcr das Abendbuffet auf angegebenes Konto.<\/p>\n\n\n\n<p><em><strong>Turnierheft<\/strong><\/em>:<\/p>\n\n\n\n<p>Gerne m\u00f6chten wir ein Turnierheft herausbringen. Daf\u00fcr bitten wir Euch ein Mannschaftsfoto, euer Logo und eine kleine Information zu der SR-Gruppe per Mail an das Organisationsteam zu senden.<\/p>\n\n\n\n<p>Abgabetermin: 28.02.2022<\/p>\n\n\n\n<p><em><strong>Weitere wichtige Informationen<\/strong><\/em>:<\/p>\n\n\n\n<p><em><strong>Anmeldung<\/strong><\/em>:<\/p>\n\n\n\n<p>Die Anmeldung erfolgt \u00fcber das mit der Brosch\u00fcre per E-Mail \u00fcbersandte Anmeldeformular und ist an die E-Mail-Adresse orga-dm2020@srvgg-maintaunus.de zuzusenden.<\/p>\n\n\n\n<p>Anmeldeschluss ist der 31.12.2021!<\/p>\n\n\n\n<p>Die Teilnehmeranzahl ist auf 24 Mannschaften beschr\u00e4nkt. Die Pl\u00e4tze werden nach Eingang der Anmeldungen bzw. dann noch nachfolgender Reihenfolge vergeben:<\/p>\n\n\n\n<p>1. Teilnehmer aus 2019<\/p>\n\n\n\n<p>2. Neuanmeldungen aus Bundesl\u00e4ndern, die noch nicht im Spielbetrieb sind<\/p>\n\n\n\n<p>3. Absagen aus 2019<\/p>\n\n\n\n<p><em><strong>Startgeld\/Kaution<\/strong><\/em>:<\/p>\n\n\n\n<p>Das Startgeld betr\u00e4gt 60,00 \u20ac pro Mannschaft.<\/p>\n\n\n\n<p>Des Weiteren ist eine Kaution von 200,00 \u20ac pro Mannschaft zu hinterlegen.<\/p>\n\n\n\n<p>Die Kaution wird nach erfolgter Teilnahme per R\u00fcck\u00fcberweisung zur\u00fcckerstattet (Keine Barauszahlung). Sollte eine Mannschaft Nichterscheinen oder kurzfristig absagen, so besteht kein Anspruch auf R\u00fcckzahlung der Kaution und des Startgeldes.<\/p>\n\n\n\n<p>Das Startgeld und die Kaution sind bis zum 31.12.2021 auf folgendes Konto zu \u00fcberweisen:<\/p>\n\n\n\n<p>Freundeskreis der SRVGG Main-Taunus<\/p>\n\n\n\n<p>IBAN: DE47 5125 0000 0049 0035 95<\/p>\n\n\n\n<p>BIC: HELADEF1TSK (Taunus Sparkasse)<\/p>\n\n\n\n<p>Verwendungszweck: DM 2022 + Teamname<\/p>\n\n\n\n<p><strong>Das ORGA-Team<\/strong>:<\/p>\n\n\n\n<p>Hauptansprechpartner:<br>Kevin Hammerschlag<br>Tel. 0151-50426005<br>E-Mail: orga-dm2020@srvgg-maintaunus.de<\/p>\n\n\n\n<p><br>Simon Henninger<br>Matthias Klarmann<br>Christian Kroth<br>Dominik Loskamp<br>Philipp Reich<br>Patrick Schwarz<\/p>\n\n\n\n<p>Weitere Infos unter:<br><a href=\"https:\/\/www.srvgg-maintaunus.de\/100-jahre\/dm-2022\">https:\/\/www.srvgg-maintaunus.de\/100-jahre\/dm-2022<\/a><\/p>\n\n\n\n<p><\/p>\n","protected":false},"excerpt":{"rendered":"<p>Die 22. SR-Meisterschaften wurde durch die SR des MTK organisiert. Liebe Schiedsrichterkolleginnen und -kollegen, wir freuen uns, dass wir Euch zur 22. (in)offizielle deutsche Schiedsrichter-Meisterschaft einladen d\u00fcrfen. Auch wenn 2020 die Feierlichkeiten anl\u00e4sslich unseres 100-j\u00e4hrigen Bestehens aus bekannten Gr\u00fcnden ausgefallen sind, m\u00f6chten wir unser Jubil\u00e4um 2022 mit Euch gemeinsam feiern. Die 22. (in)offizielle deutsche Schiedsrichter-Meisterschaft &hellip; <a href=\"https:\/\/srmeisterschaft.de\/index.php\/2023-main-taunus\/\" class=\"more-link\"><span class=\"screen-reader-text\">2022 &#8211; Main-Taunus<\/span> weiterlesen<\/a><\/p>\n","protected":false},"author":1,"featured_media":0,"parent":0,"menu_order":0,"comment_status":"closed","ping_status":"closed","template":"","meta":{"footnotes":""},"class_list":["post-92","page","type-page","status-publish","hentry"],"_links":{"self":[{"href":"https:\/\/srmeisterschaft.de\/index.php\/wp-json\/wp\/v2\/pages\/92","targetHints":{"allow":["GET"]}}],"collection":[{"href":"https:\/\/srmeisterschaft.de\/index.php\/wp-json\/wp\/v2\/pages"}],"about":[{"href":"https:\/\/srmeisterschaft.de\/index.php\/wp-json\/wp\/v2\/types\/page"}],"author":[{"embeddable":true,"href":"https:\/\/srmeisterschaft.de\/index.php\/wp-json\/wp\/v2\/users\/1"}],"replies":[{"embeddable":true,"href":"https:\/\/srmeisterschaft.de\/index.php\/wp-json\/wp\/v2\/comments?post=92"}],"version-history":[{"count":4,"href":"https:\/\/srmeisterschaft.de\/index.php\/wp-json\/wp\/v2\/pages\/92\/revisions"}],"predecessor-version":[{"id":314,"href":"https:\/\/srmeisterschaft.de\/index.php\/wp-json\/wp\/v2\/pages\/92\/revisions\/314"}],"wp:attachment":[{"href":"https:\/\/srmeisterschaft.de\/index.php\/wp-json\/wp\/v2\/media?parent=92"}],"curies":[{"name":"wp","href":"https:\/\/api.w.org\/{rel}","templated":true}]}}