{"id":99,"date":"2025-06-04T20:54:09","date_gmt":"2025-06-04T18:54:09","guid":{"rendered":"http:\/\/localhost\/?page_id=99"},"modified":"2025-06-07T18:08:01","modified_gmt":"2025-06-07T16:08:01","slug":"2019-hildesheim","status":"publish","type":"page","link":"https:\/\/srmeisterschaft.de\/index.php\/2019-hildesheim\/","title":{"rendered":"2019 &#8211; Hildesheim"},"content":{"rendered":"\n<p>Alle aktuellen Informationen zur 19. SR-Meisterschaften sind im nachfolgenden Link ersichtlich.<br><a href=\"http:\/\/www.srv-hildesheim.de\/19-inoff-DEUTSCHE-SCHIEDSRICHTER-MEISTERSCHAFT-2019\/\"><br>https:\/\/www.srv-hildesheim.de\/19-inoff-DEUTSCHE-SCHIEDSRICHTER-MEISTERSCHAFT-2019\/<\/a><\/p>\n\n\n\n<p><strong>Turnier<\/strong>: Samstag,\u00a015.Juni 2019, 09:30 Uhr bis ca. 17:30 Uhr<\/p>\n\n\n\n<p><strong>Sportst\u00e4tte<\/strong>: Sportplatz TuS Gr\u00fcn-Wei\u00df Hi-Himmelsth\u00fcr Julianen-Aue 17 &#8211;\u00a031137 Hildesheim<\/p>\n\n\n\n<p><strong>Spielmodus<\/strong>: Auf 4 Kleinfeld-Rasenfl\u00e4chen spielen die Teams um wichtige Punkte mit einer Spielzeit von einmal 12 Minuten.<\/p>\n\n\n\n<p>Dein Team besteht aus einem Torwart und sechs Feldspieler&nbsp; und d\u00fcrfen beliebig auswechseln und sobald alle Teilnehmer feststehen,<\/p>\n\n\n\n<p>schreiben wir dich an und geben weitere Infos zwecks Spielmodi und mehr\u2026.<\/p>\n\n\n\n<p><strong>Mannschaft<\/strong>: bis zu 12 Spieler\/Trainer\/Betreuer mit g\u00fcltigem SR-Ausweis (Stempel nicht vergessen)<\/p>\n\n\n\n<p>Bringt bitte gen\u00fcgend Fans zum Anfeuern mit\u2026.<\/p>\n\n\n\n<p><strong>Verpflegung<\/strong>: Auf der Sportanlage werden gen\u00fcgend Verpflegungs-Points stehen und niemand wird verhungern und auch bei der n\u00e4chsten Mitteilung erf\u00e4hrst du noch mehr\u2026..<\/p>\n\n\n\n<p><strong>Kaution<\/strong>: 200\u20ac (wird w\u00e4hrend des Turniers an die teilnehmende Mannschaft ausbezahlt)<\/p>\n\n\n\n<p><strong>Startgeld<\/strong>: 60\u20ac\u00a0 (inkl. Mittagessen am Spieltag f\u00fcr max. 12 Personen)<\/p>\n\n\n\n<p>Am Vorabend des Turniers bieten wir deinem Team eine \u201eWelcome-Party\u201c an und bitten um Anmeldung!<\/p>\n\n\n\n<p>Die Abendveranstaltung mit Siegerehrung am Turniertag wird im Veranstaltungszentrum&nbsp;Hildesheim&nbsp;in der Gropiusstr. 2 in der&nbsp;31137 Hildesheim&nbsp;stattfinden und hierf\u00fcr erwarten wir alle Teilnehmenden Mannschaften mit Trainer\/Betreuer , Referees sowie Fans und Helfer\/innen.<\/p>\n\n\n\n<p>Den Kostenbeitrag von 25\u20ac pro Person bitte bei Anmeldung mit der Kaution und Startgeld bis zum&nbsp;10. Januar 2019&nbsp;\u00fcberweisen.<\/p>\n\n\n\n<p>Nach erfolgter Anmeldung werden die Mannschaften f\u00fcr die Gruppeneinteilung gelost.<br><br>Der Turnierplan ist unter\u00a0<a href=\"https:\/\/www.meinturnierplan.de\/showit.php?id=1554975448\" target=\"_blank\" rel=\"noreferrer noopener\"><strong>https:\/\/www.meinturnierplan.de\/showit.php?id=1554975448<br><\/strong>e<\/a>rsichtlich.<\/p>\n\n\n\n<p>Der Turniermodus wurde modifiziert:<\/p>\n\n\n\n<p>Vorrunde:<\/p>\n\n\n\n<p>4 Gruppen mit je 5 Mannschaften.<\/p>\n\n\n\n<p>In jeder Gruppe finden 10 Spiele statt (jeder gegen jeden).<\/p>\n\n\n\n<p>Finalrunde:<\/p>\n\n\n\n<p>Es wird in 5 Gruppen mit je 4 Mannschaften gespielt (6 Spiele; jeder gegen jeden).<\/p>\n\n\n\n<p>Die jeweiligen Gruppenerste spielen in der Gruppe 1 um den Meistertitel (Pl\u00e4tze 1-4)<\/p>\n\n\n\n<p>Die jeweiligen Gruppenzweite spielen in der Gruppe 2 die&nbsp;Pl\u00e4tze 5 &#8211; 8 aus.<\/p>\n\n\n\n<p>Die jeweiligen Gruppendritte spielen in der Gruppe 3 die&nbsp;Pl\u00e4tze 9 &#8211; 12 aus.<\/p>\n\n\n\n<p>Die jeweiligen Gruppenvierte spielen in der Gruppe 4 die&nbsp;Pl\u00e4tze 13 &#8211; 16 aus.<\/p>\n\n\n\n<p>Die jeweiligen Gruppenf\u00fcnfte spielen in der Gruppe 5 die&nbsp;Pl\u00e4tze 17 &#8211; 20 aus.<\/p>\n\n\n\n<p>Jede Mannschaft hat somit insgesamt 7 Spiele!<br>Wir w\u00fcnschen allen Mannschaften Viel Erfolg und insbesondere viel Spa\u00df<\/p>\n","protected":false},"excerpt":{"rendered":"<p>Alle aktuellen Informationen zur 19. SR-Meisterschaften sind im nachfolgenden Link ersichtlich.https:\/\/www.srv-hildesheim.de\/19-inoff-DEUTSCHE-SCHIEDSRICHTER-MEISTERSCHAFT-2019\/ Turnier: Samstag,\u00a015.Juni 2019, 09:30 Uhr bis ca. 17:30 Uhr Sportst\u00e4tte: Sportplatz TuS Gr\u00fcn-Wei\u00df Hi-Himmelsth\u00fcr Julianen-Aue 17 &#8211;\u00a031137 Hildesheim Spielmodus: Auf 4 Kleinfeld-Rasenfl\u00e4chen spielen die Teams um wichtige Punkte mit einer Spielzeit von einmal 12 Minuten. Dein Team besteht aus einem Torwart und sechs Feldspieler&nbsp; &hellip; <a href=\"https:\/\/srmeisterschaft.de\/index.php\/2019-hildesheim\/\" class=\"more-link\"><span class=\"screen-reader-text\">2019 &#8211; Hildesheim<\/span> weiterlesen<\/a><\/p>\n","protected":false},"author":1,"featured_media":0,"parent":0,"menu_order":0,"comment_status":"closed","ping_status":"closed","template":"","meta":{"footnotes":""},"class_list":["post-99","page","type-page","status-publish","hentry"],"_links":{"self":[{"href":"https:\/\/srmeisterschaft.de\/index.php\/wp-json\/wp\/v2\/pages\/99","targetHints":{"allow":["GET"]}}],"collection":[{"href":"https:\/\/srmeisterschaft.de\/index.php\/wp-json\/wp\/v2\/pages"}],"about":[{"href":"https:\/\/srmeisterschaft.de\/index.php\/wp-json\/wp\/v2\/types\/page"}],"author":[{"embeddable":true,"href":"https:\/\/srmeisterschaft.de\/index.php\/wp-json\/wp\/v2\/users\/1"}],"replies":[{"embeddable":true,"href":"https:\/\/srmeisterschaft.de\/index.php\/wp-json\/wp\/v2\/comments?post=99"}],"version-history":[{"count":3,"href":"https:\/\/srmeisterschaft.de\/index.php\/wp-json\/wp\/v2\/pages\/99\/revisions"}],"predecessor-version":[{"id":312,"href":"https:\/\/srmeisterschaft.de\/index.php\/wp-json\/wp\/v2\/pages\/99\/revisions\/312"}],"wp:attachment":[{"href":"https:\/\/srmeisterschaft.de\/index.php\/wp-json\/wp\/v2\/media?parent=99"}],"curies":[{"name":"wp","href":"https:\/\/api.w.org\/{rel}","templated":true}]}}